{"id":5,"date":"2023-11-19T18:00:09","date_gmt":"2023-11-19T17:00:09","guid":{"rendered":"https:\/\/fluide-air.website\/?page_id=5"},"modified":"2024-01-25T14:21:27","modified_gmt":"2024-01-25T13:21:27","slug":"mentions-legales","status":"publish","type":"page","link":"https:\/\/apparthotellerocher.com\/index.php\/mentions-legales\/","title":{"rendered":"Mentions l\u00e9gales"},"content":{"rendered":"<style>.elementor-5 .elementor-element.elementor-element-450da24c:not(.elementor-motion-effects-element-type-background), .elementor-5 .elementor-element.elementor-element-450da24c > .elementor-motion-effects-container > .elementor-motion-effects-layer{background-image:url(\"https:\/\/apparthotellerocher.com\/wp-content\/uploads\/2023\/11\/beautiful-cliff-and-sea-etretat-normandy-france-2022-12-16-19-44-19-utc-scaled.jpg\");background-position:center center;background-repeat:no-repeat;background-size:cover;}.elementor-5 .elementor-element.elementor-element-450da24c > .elementor-background-overlay{background-color:#000000;opacity:0.25;transition:background 0.3s, border-radius 0.3s, opacity 0.3s;}.elementor-5 .elementor-element.elementor-element-450da24c{transition:background 0.3s, border 0.3s, border-radius 0.3s, box-shadow 0.3s;padding:95px 0px 95px 0px;}.elementor-5 .elementor-element.elementor-element-1d38828c .elementor-heading-title{font-size:48px;font-weight:600;line-height:1.3em;color:#FFFFFF;}.elementor-5 .elementor-element.elementor-element-1d38828c > .elementor-widget-container{margin:0px 0px 0px 0px;}.elementor-5 .elementor-element.elementor-element-1b1ae979{--display:flex;}:root{--page-title-display:none;}@media(max-width:767px){.elementor-5 .elementor-element.elementor-element-450da24c{padding:50px 0px 50px 0px;}.elementor-5 .elementor-element.elementor-element-1d38828c{text-align:center;}.elementor-5 .elementor-element.elementor-element-1d38828c .elementor-heading-title{font-size:30px;}}<\/style>\t\t<div data-elementor-type=\"wp-page\" data-elementor-id=\"5\" class=\"elementor elementor-5\" data-elementor-post-type=\"page\">\n\t\t\t\t\t\t<section class=\"elementor-section elementor-top-section elementor-element elementor-element-450da24c elementor-section-boxed elementor-section-height-default elementor-section-height-default\" data-id=\"450da24c\" data-element_type=\"section\" data-e-type=\"section\" data-settings=\"{&quot;background_background&quot;:&quot;classic&quot;}\">\n\t\t\t\t\t\t\t<div class=\"elementor-background-overlay\"><\/div>\n\t\t\t\t\t\t\t<div class=\"elementor-container elementor-column-gap-default\">\n\t\t\t\t\t<div class=\"elementor-column elementor-col-100 elementor-top-column elementor-element elementor-element-26400a80\" data-id=\"26400a80\" data-element_type=\"column\" data-e-type=\"column\">\n\t\t\t<div class=\"elementor-widget-wrap elementor-element-populated\">\n\t\t\t\t\t\t<div class=\"elementor-element elementor-element-1d38828c elementor-widget elementor-widget-heading\" data-id=\"1d38828c\" data-element_type=\"widget\" data-e-type=\"widget\" data-widget_type=\"heading.default\">\n\t\t\t\t<div class=\"elementor-widget-container\">\n\t\t\t\t\t<h1 class=\"elementor-heading-title elementor-size-default\">Mentions l\u00e9gales<\/h1>\t\t\t\t<\/div>\n\t\t\t\t<\/div>\n\t\t\t\t\t<\/div>\n\t\t<\/div>\n\t\t\t\t\t<\/div>\n\t\t<\/section>\n\t\t<div class=\"elementor-element elementor-element-1b1ae979 e-flex e-con-boxed e-con e-parent\" data-id=\"1b1ae979\" data-element_type=\"container\" data-e-type=\"container\">\n\t\t\t\t\t<div class=\"e-con-inner\">\n\t\t\t\t<div class=\"elementor-element elementor-element-28fd9ab2 elementor-widget elementor-widget-text-editor\" data-id=\"28fd9ab2\" data-element_type=\"widget\" data-e-type=\"widget\" data-widget_type=\"text-editor.default\">\n\t\t\t\t<div class=\"elementor-widget-container\">\n\t\t\t\t\t\t\t\t\t\n<h2 class=\"wp-block-heading\">1 &#8211; \u00c9dition du site<\/h2>\n\n<p>En vertu de\u00a0<a href=\"https:\/\/www.legifrance.gouv.fr\/affichTexte.do?cidTexte=JORFTEXT000000801164#LEGIARTI000042038977\" target=\"_blank\" rel=\"noreferrer noopener\">l&rsquo;article 6 de la loi n\u00b0 2004-575 du 21 juin 2004<\/a>\u00a0pour la confiance dans l&rsquo;\u00e9conomie num\u00e9rique, il est pr\u00e9cis\u00e9 aux utilisateurs du site internet\u00a0<strong>https:\/\/apparthotellerocher.com<\/strong>\u00a0l&rsquo;identit\u00e9 des diff\u00e9rents intervenants dans le cadre de sa r\u00e9alisation et de son suivi:<\/p>\n\n<p><strong>Propri\u00e9taire du site :\u00a0<\/strong>Laurence Boyer\u00a0&#8211; Contact :\u00a0cl.boyer@wanadoo.fr\u00a0+33672525501\u00a0&#8211; Adresse :\u00a03 CHEMIN DE LA TASSINERIE, VALOGNES 50700.<\/p>\n\n<p><strong>Identification de l&rsquo;entreprise :<\/strong>\u00a0SAS\u00a0Laurence Boyer\u00a0au capital social de\u00a0100\u20ac &#8211; SIREN :\u00a0894815679\u00a0&#8211; RCS ou RM :\u00a0Cherbourg B 894 815 679\u00a0&#8211; Adresse postale :\u00a03 CHEMIN DE LA TASSINERIE, VALOGNES 50700\u00a0<\/p>\n\n<p><strong>Directeur de la publication :\u00a0<\/strong>Laurence Boyer\u00a0&#8211; Contact :\u00a0cl.boyer@wanadoo.fr.<\/p>\n\n<p><strong>H\u00e9bergeur :<\/strong> Le Site est h\u00e9berg\u00e9 par la soci\u00e9t\u00e9 Infomaniak Network SA, situ\u00e9 Rue Eug\u00e8ne Marziano 25 1227 Les Acacias (GE), (contact t\u00e9l\u00e9phonique ou email : <a href=\"https:\/\/www.infomaniak.com\/fr\/aide\" target=\"_blank\" rel=\"noopener\">https:\/\/www.infomaniak.com\/fr\/aide<\/a>).<\/p>\n\n<p><strong>D\u00e9l\u00e9gu\u00e9 \u00e0 la protection des donn\u00e9es :\u00a0<\/strong>GOGENCY\u00a0&#8211;\u00a0hello@gogency.fr<\/p>\n\n<p><strong>Autres contributeurs :<\/strong>\u00a0elisa@gogency.fr<\/p>\n<hr class=\"wp-block-separator has-alpha-channel-opacity\" \/>\n<h2 class=\"wp-block-heading\">2 &#8211; Propri\u00e9t\u00e9 intellectuelle et contrefa\u00e7ons.<\/h2>\n\n<p><strong>Laurence Boyer<\/strong>\u00a0est propri\u00e9taire des droits de propri\u00e9t\u00e9 intellectuelle et d\u00e9tient les droits d\u2019usage sur tous les \u00e9l\u00e9ments accessibles sur le site internet, notamment les textes, images, graphismes, logos, vid\u00e9os, architecture, ic\u00f4nes et sons.<\/p>\n\n<p>Toute reproduction, repr\u00e9sentation, modification, publication, adaptation de tout ou partie des \u00e9l\u00e9ments du site, quel que soit le moyen ou le proc\u00e9d\u00e9 utilis\u00e9, est interdite, sauf autorisation \u00e9crite pr\u00e9alable de\u00a0<strong>Laurence Boyer<\/strong>.<\/p>\n\n<p>Toute exploitation non autoris\u00e9e du site ou de l\u2019un quelconque des \u00e9l\u00e9ments qu\u2019il contient sera consid\u00e9r\u00e9e comme constitutive d\u2019une contrefa\u00e7on et poursuivie conform\u00e9ment aux dispositions des articles\u00a0<a href=\"https:\/\/www.legifrance.gouv.fr\/affichCodeArticle.do?idArticle=LEGIARTI000032655082&amp;cidTexte=LEGITEXT000006069414&amp;dateTexte=20160605\" target=\"_blank\" rel=\"noreferrer noopener\">L.335-2 et suivants du Code de Propri\u00e9t\u00e9 Intellectuelle<\/a>.<\/p>\n<hr class=\"wp-block-separator has-alpha-channel-opacity\" \/>\n<h2 class=\"wp-block-heading\">3 &#8211; Limitations de responsabilit\u00e9.<\/h2>\n\n<p><strong>Laurence Boyer<\/strong>\u00a0ne pourra \u00eatre tenu pour responsable des dommages directs et indirects caus\u00e9s au mat\u00e9riel de l\u2019utilisateur, lors de l\u2019acc\u00e8s au site\u00a0<strong>https:\/\/apparthotellerocher.com<\/strong>.<\/p>\n\n<p><strong>Laurence Boyer<\/strong>\u00a0d\u00e9cline toute responsabilit\u00e9 quant \u00e0 l\u2019utilisation qui pourrait \u00eatre faite des informations et contenus pr\u00e9sents sur\u00a0<strong>https:\/\/apparthotellerocher.com<\/strong>.<\/p>\n\n<p><strong>Laurence Boyer<\/strong>\u00a0s\u2019engage \u00e0 s\u00e9curiser au mieux le site\u00a0<strong>https:\/\/apparthotellerocher.com<\/strong>, cependant sa responsabilit\u00e9 ne pourra \u00eatre mise en cause si des donn\u00e9es ind\u00e9sirables sont import\u00e9es et install\u00e9es sur son site \u00e0 son insu.<\/p>\n\n<p>Des espaces interactifs (espace contact ou commentaires) sont \u00e0 la disposition des utilisateurs.\u00a0<strong>Laurence Boyer<\/strong>\u00a0se r\u00e9serve le droit de supprimer, sans mise en demeure pr\u00e9alable, tout contenu d\u00e9pos\u00e9 dans cet espace qui contreviendrait \u00e0 la l\u00e9gislation applicable en France, en particulier aux dispositions relatives \u00e0 la protection des donn\u00e9es.<\/p>\n\n<p>Le cas \u00e9ch\u00e9ant,\u00a0<strong>Laurence Boyer<\/strong>\u00a0se r\u00e9serve \u00e9galement la possibilit\u00e9 de mettre en cause la responsabilit\u00e9 civile et\/ou p\u00e9nale de l\u2019utilisateur, notamment en cas de message \u00e0 caract\u00e8re raciste, injurieux, diffamant, ou pornographique, quel que soit le support utilis\u00e9 (texte, photographie \u2026).<\/p>\n<hr class=\"wp-block-separator has-alpha-channel-opacity\" \/>\n<h2 class=\"wp-block-heading\">4 &#8211; CNIL et gestion des donn\u00e9es personnelles.<\/h2>\n\n<p>Conform\u00e9ment aux dispositions de\u00a0<a href=\"https:\/\/www.legifrance.gouv.fr\/affichTexte.do?cidTexte=JORFTEXT000000886460\" target=\"_blank\" rel=\"noreferrer noopener\">la loi 78-17 du 6 janvier 1978 modifi\u00e9e<\/a>, l\u2019utilisateur du site\u00a0<strong>https:\/\/apparthotellerocher.com<\/strong>\u00a0dispose d\u2019un droit d\u2019acc\u00e8s, de modification et de suppression des informations collect\u00e9es. Pour exercer ce droit, envoyez un message \u00e0 notre D\u00e9l\u00e9gu\u00e9 \u00e0 la Protection des Donn\u00e9es :\u00a0<strong>GOGENCY<\/strong>\u00a0&#8211;\u00a0<strong>hello@gogency.fr<\/strong>.<\/p>\n\n<p>Pour plus d&rsquo;informations sur la fa\u00e7on dont nous traitons vos donn\u00e9es (type de donn\u00e9es, finalit\u00e9, destinataire&#8230;), lisez notre\u00a0<strong>https:\/\/apparthotellerocher.com\/politique-de-confidentialite<\/strong>.\u00a0<\/p>\n<hr class=\"wp-block-separator has-alpha-channel-opacity\" \/>\n<h2 class=\"wp-block-heading\">5 &#8211; Liens hypertextes et cookies<\/h2>\n\n<p>Le site\u00a0<strong>https:\/\/apparthotellerocher.com<\/strong>\u00a0contient des liens hypertextes vers d\u2019autres sites et d\u00e9gage toute responsabilit\u00e9 \u00e0 propos de ces liens externes ou des liens cr\u00e9\u00e9s par d\u2019autres sites vers\u00a0<strong>https:\/\/apparthotellerocher.com<\/strong>.<\/p>\n\n<p>La navigation sur le site\u00a0<strong>https:\/\/apparthotellerocher.com<\/strong>\u00a0est susceptible de provoquer l\u2019installation de cookie(s) sur l\u2019ordinateur de l\u2019utilisateur.<\/p>\n\n<p>Un \u00ab\u00a0cookie\u00a0\u00bb est un fichier de petite taille qui enregistre des informations relatives \u00e0 la navigation d\u2019un utilisateur sur un site. Les donn\u00e9es ainsi obtenues permettent d&rsquo;obtenir des mesures de fr\u00e9quentation, par exemple.<\/p>\n\n<p>Vous avez la possibilit\u00e9\u00a0<strong>d\u2019accepter ou de refuser les cookies<\/strong>\u00a0en modifiant les param\u00e8tres de votre navigateur. Aucun cookie ne sera d\u00e9pos\u00e9 sans votre consentement.<\/p>\n\n<p>Les cookies sont enregistr\u00e9s pour une dur\u00e9e maximale de\u00a012\u00a0mois.<\/p>\n\n<p>Pour plus d&rsquo;informations sur la fa\u00e7on dont nous faisons usage des cookies, lisez notre\u00a0<strong>https:\/\/apparthotellerocher.com\/politique-de-confidentialite<\/strong>.\u00a0<\/p>\n<hr class=\"wp-block-separator has-alpha-channel-opacity\" \/>\n<h2 class=\"wp-block-heading\">6 &#8211; Droit applicable et attribution de juridiction.<\/h2>\n\n<p>Tout litige en relation avec l\u2019utilisation du site\u00a0<strong>https:\/\/apparthotellerocher.com<\/strong>\u00a0est soumis au droit fran\u00e7ais. En dehors des cas o\u00f9 la loi ne le permet pas, il est fait attribution exclusive de juridiction aux tribunaux comp\u00e9tents de\u00a0<strong>Cherbourg<\/strong>.<\/p>\n\t\t\t\t\t\t\t\t<\/div>\n\t\t\t\t<\/div>\n\t\t\t\t\t<\/div>\n\t\t\t\t<\/div>\n\t\t\t\t<\/div>\n\t\t","protected":false},"excerpt":{"rendered":"<p>Mentions l\u00e9gales 1 &#8211; \u00c9dition du site En vertu de\u00a0l&rsquo;article 6 de la loi n\u00b0 2004-575 du 21 juin 2004\u00a0pour la confiance dans l&rsquo;\u00e9conomie num\u00e9rique, il est pr\u00e9cis\u00e9 aux utilisateurs du site internet\u00a0https:\/\/apparthotellerocher.com\u00a0l&rsquo;identit\u00e9 des diff\u00e9rents intervenants dans le cadre de sa r\u00e9alisation et de son suivi: Propri\u00e9taire du site :\u00a0Laurence Boyer\u00a0&#8211; Contact :\u00a0cl.boyer@wanadoo.fr\u00a0+33672525501\u00a0&#8211; Adresse :\u00a03 [&hellip;]<\/p>\n","protected":false},"author":1,"featured_media":0,"parent":0,"menu_order":0,"comment_status":"closed","ping_status":"closed","template":"","meta":{"footnotes":""},"class_list":["post-5","page","type-page","status-publish","hentry"],"_links":{"self":[{"href":"https:\/\/apparthotellerocher.com\/index.php\/wp-json\/wp\/v2\/pages\/5","targetHints":{"allow":["GET"]}}],"collection":[{"href":"https:\/\/apparthotellerocher.com\/index.php\/wp-json\/wp\/v2\/pages"}],"about":[{"href":"https:\/\/apparthotellerocher.com\/index.php\/wp-json\/wp\/v2\/types\/page"}],"author":[{"embeddable":true,"href":"https:\/\/apparthotellerocher.com\/index.php\/wp-json\/wp\/v2\/users\/1"}],"replies":[{"embeddable":true,"href":"https:\/\/apparthotellerocher.com\/index.php\/wp-json\/wp\/v2\/comments?post=5"}],"version-history":[{"count":8,"href":"https:\/\/apparthotellerocher.com\/index.php\/wp-json\/wp\/v2\/pages\/5\/revisions"}],"predecessor-version":[{"id":1074,"href":"https:\/\/apparthotellerocher.com\/index.php\/wp-json\/wp\/v2\/pages\/5\/revisions\/1074"}],"wp:attachment":[{"href":"https:\/\/apparthotellerocher.com\/index.php\/wp-json\/wp\/v2\/media?parent=5"}],"curies":[{"name":"wp","href":"https:\/\/api.w.org\/{rel}","templated":true}]}}